- 19*b**2 - 33*b + 6. Let d be j(-20). Let o = 16 - 10. Suppose d = o*k + 292. What are the prime factors of k?
3, 43
Suppose -73*r + 1938931 + 353437 = -21*r. What are the prime factors of r?
2, 103, 107
Suppose 26 = -2*y + 32. Suppose 4*b - 4 = -4*x - 0, 3 = -x - 5*b. Suppose x*o = m - o - 203, 664 = y*m + 2*o. What are the prime factors of m?
2, 109
Suppose 2*p = 2014 + 2114. Suppose -9156 = -9*t - p. List the prime factors of t.
2, 197
List the prime factors of (-765714)/(-24) + (-126)/72.
61, 523
Let w(b) = b**2 + 4*b - 10. Let o = 20 + -26. Let r be w(o). Let i = r - -98. List the prime factors of i.
2, 5
Let f be ((-1)/(-1))/(5 + (-784)/156). What are the prime factors of (0 + -3)/(2*f/5954)?
229
Suppose -3*c = -1000 - 77. Let b = 1258 - c. List the prime factors of b.
29, 31
Let t(w) = -4*w**2 - 15*w + 3. Let m(p) = p**2 + 1. Let h(s) = -3*m(s) - t(s). Let c(b) = -57*b - 361. Let k be c(-6). List the prime factors of h(k).
2, 5, 7
Suppose 9*d = 7*d + 1978. Suppose -16*p = -3587 - d. List the prime factors of p.
2, 11, 13
Suppose -1353*p = -1350*p + 1371. Let u = 984 + p. What are the prime factors of u?
17, 31
Suppose 0 = -l - 6*c + 8*c - 6, -2*c + 6 = 4*l. Suppose 3*y - 2*o - 1234 = 0, l = 4*y - 2*y + 4*o - 812. What are the prime factors of y?
2, 5, 41
Let b = 6596 - 675. List the prime factors of b.
31, 191
Let z = -244 - -246. List the prime factors of (538/4 - -2)*z.
3, 7, 13
Let d = 242 - 237. Let c(q) = -q**3 + 12*q**2 - 6*q + 18. List the prime factors of c(d).
163
List the prime factors of (-228681)/(-30) - -9*(-15)/(-450).
3, 7, 11
Suppose -m = -6 + 3. Suppose -3*v = -3*x + 264, 28 + 236 = m*x + 2*v. What are the prime factors of x?
2, 11
Let q be (8/10 + 0)/(10/300). Suppose q = 5*g + g. Suppose g*r - 12 = 0, -5*z + 2*r - 5*r + 719 = 0. List the prime factors of z.
2, 71
Let h be 2 + -2 + 3 + -130. Let f(t) = t**3 + t**2 - 10*t - 13. Let l be f(-3). What are the prime factors of 1/(l + 0) - h?
2, 3, 7
Let d(i) = -135*i - 1354. List the prime factors of d(-65).
41, 181
Let n(u) = -3*u**3 + 40*u**2 - 25*u + 2. List the prime factors of n(-17).
2, 7, 23, 83
Let s(r) = 2*r**2 - 4*r - 10. Let j(v) = 2*v**2 - 4*v - 10. Let o(p) = -4*j(p) + 5*s(p). Suppose 30 = -6*g - 6. What are the prime factors of o(g)?
2, 43
Let u be 132/330 + ((-56)/(-10) - 1). Suppose -j - 14 - 186 = f, -u*f = 5. What are the prime factors of (4 + (j - -4))*3/(-3)?
191
Let r(w) = w**2 + 4*w - 38. Let u be r(0). Let z = u - -43. Suppose -4 = -3*k + z*b + 211, 4*k - 2*b = 296. What are the prime factors of k?
3, 5
Suppose 0 = -m - 4*x + 5*x - 17, 2*m = 5*x - 31. Let k(y) = -97*y - 445. List the prime factors of k(m).
1301
Let y(o) = o - 22. Let k be y(15). What are the prime factors of k*16/(-504) - 11840/(-18)?
2, 7, 47
Let n = 42494 + 11097. What are the prime factors of n?
53591
Let s(z) = 28*z**2 - 12*z + 44. Suppose 20*m + 20 = 24*m. List the prime factors of s(m).
2, 3, 19
Let f(h) = -23*h - 22. Let a be 16/6*(-39)/(-26). Suppose -3*g - 34 = 2*s, -g = -3*g - a*s - 36. List the prime factors of f(g).
2, 3
Let d(n) = 2326*n + 356. List the prime factors of d(1).
2, 3, 149
Suppose 0 = 25*v + 193698 - 896973. What are the prime factors of v?
3, 9377
Let f(b) = -b**3 + 3*b**2 + b + 3. Let a be f(4). Let h = -7 - a. Suppose 45 - h = g. List the prime factors of g.
43
Suppose 0 = -23*h + 13*h + 4*i + 185356, 3*h + i - 55609 = 0. What are the prime factors of h?
2, 7, 331
Let s(x) = x**3 + 9*x**2 - 10*x - 7. Let b be s(-9). Let d = 222 - b. What are the prime factors of d?
139
Suppose -192*k = -193*k - 4. List the prime factors of 3*949/3 + (-5 - k).
2, 3, 79
Let i(w) = w**2 + 14*w - 416. List the prime factors of i(159).
27091
Let c(h) = -h**2 - 6*h + 2. Let i(l) = -2*l**2 + 60*l - 6. Let d be i(30). Let w be c(d). Let o = 12 - w. What are the prime factors of o?
2, 5
Suppose 1980 = 4*r + 5*l, -5*r - 5*l + 564 = -1911. Suppose r = -8*s + 2663. What are the prime factors of s?
271
Suppose 154 = 25*c - 3*c. What are the prime factors of 2*(480/35 + 2/c)?
2, 7
Let a = 633 + -274. Suppose 2*j - 429 - a = 0. What are the prime factors of j?
2, 197
Suppose -20*j + 13*j - 420 = 0. What are the prime factors of 4*(-5)/j - (-1131)/9?
2, 3, 7
Let n = 3109 + -1755. Suppose 5*p = 5*m + 258 + 1092, -5*p + n = -3*m. List the prime factors of p.
2, 17
Suppose 3*s + 4056 = 2*h - s, 6069 = 3*h - 3*s. List the prime factors of h.
2, 1009
Suppose 5*g - 38255 = -2*n, 4*g + 5*n = 32184 - 1597. Suppose g - 129 = 9*f. List the prime factors of f.
2, 11, 19
Suppose w = -160 + 1056. Suppose -4*v - 4*a = -w, 0 = 2*v + 2*v - 3*a - 875. Let t = v + -158. List the prime factors of t.
3, 7
Suppose -4*f = -2*n - 48288, -3*f - 5*n + 24156 = -f. What are the prime factors of f?
12073
Let n = 1887 - 708. Let g = n - 670. Suppose 0 = -4*w + 79 + g. What are the prime factors of w?
3, 7
Let x(k) = -6424*k**3 + k**2 + 2*k + 2. Let y be x(-1). Let v be y/55 - 4/(-22). List the prime factors of 7938/v + (-4)/(-26).
2, 17
Suppose u - 2*u + 5 = 2*i, u - 17 = -5*i. List the prime factors of (-10 - (-110)/20)*124/u.
2, 3, 31
Suppose 285*r + 862 = 283*r + 10362. What are the prime factors of r?
2, 5, 19
Suppose 4*s - 50 = 198. Suppose s*g = 65*g + 3. What are the prime factors of ((-266)/6*g)/(8/24)?
7, 19
Suppose 82*q - 230364 = 7*q + 48*q. List the prime factors of q.
2, 3, 79
List the prime factors of (6/(-54)*6)/((-11)/98934).
2, 1499
Suppose -347*y = -354*y + 532301 - 102515. What are the prime factors of y?
2, 3, 379
Suppose 4*y + 44*m - 47*m = 8, 5*y - 41 = -4*m. Suppose y*j - 3*w - 5600 = 3635, -7375 = -4*j + 5*w. List the prime factors of j.
2, 5, 37
Let w = -149 + 463. List the prime factors of w - (54/6 + 2*-2).
3, 103
Suppose -2*p = -4*p + 4*a - 96, -3*p - 141 = -3*a. Let k = 462 - p. Suppose 26*c - 28*c = -k. What are the prime factors of c?
2, 127
Let o(k) = 2234*k**2 + 16*k - 59. What are the prime factors of o(5)?
55871
Suppose 17*k + 23446 = 18*k + 4*w, 0 = -3*k + 5*w + 70389. List the prime factors of k.
2, 37, 317
Let f(h) = 1057*h**2 - 114*h - 15. What are the prime factors of f(-6)?
3, 12907
Let y(t) be the first derivative of t**4/4 + 6*t**3 + 15*t**2/2 + 18*t - 63. What are the prime factors of y(-15)?
2, 3, 13
Let s(r) = r**2 - 33*r - 4. Let j be s(33). What are the prime factors of 8/(-24) + ((-26456)/6)/j?
2, 19, 29
Suppose 3*w + 2*w = -2*a + 800, 3*a + 4*w = 1214. Suppose x = s + a, 5*x = 3*x - 4*s + 802. List the prime factors of x.
11, 37
What are the prime factors of ((-62843)/55)/((-4)/20)?
29, 197
List the prime factors of 5968 - (-2 - 187/(-11)).
5953
Suppose 4*b - 4*y + 0*y - 4688 = 0, -5*y - 1152 = -b. Suppose 3*m + b = t, -3*t + 4*m + 849 = -2707. What are the prime factors of t?
2, 149
Suppose -20*u + 13*u = 154. List the prime factors of (-12)/u - 17566/(-22).
17, 47
Suppose -25*m + 44495 = -14*m. List the prime factors of m.
5, 809
Let s = 96097 - 68294. What are the prime factors of s?
27803
Suppose -5*a = -4*a - 3*t + 5, -a + 5*t - 7 = 0. What are the prime factors of (-25)/a*((-5 - -12) + -5)?
5
Suppose 5*s - 2*z = 26162, z - 11 + 12 = 0. Suppose -31*u = -23*u - s. List the prime factors of u.
2, 3, 109
Suppose -29999 = -32*l + 6417. What are the prime factors of l?
2, 569
Let y be -1 + (-1)/((-2)/100). Let z = -1699 + 1701. Suppose z*o - 3 - 41 = -g, -g + y = o. What are the prime factors of g?
2, 3
Let f(z) be the first derivative of 2*z**3/3 + 3*z**2/2 + 10*z - 57. Suppose -9*q = 33 + 57. What are the prime factors of f(q)?
2, 3, 5
Suppose -55*r - 550839 + 1458999 = 0. List the prime factors of r.
2, 3, 43
Let m = -8212 - -73832. What are the prime factors of m?
2, 5, 17, 193
Let z(x) = 2*x**2 + 17*x + 35. Let t be z(-5). Suppose -15 = 3*g, 7*f - 2*f + 4*g - 3065 = t. What are the prime factors of f?
617
Let w = 33 - 29. Let d(f) = -33 + 31 - 4*f + 14*f. List the prime factors of d(w).
2, 19
Let g(m) = 1110*m**3 + 4*m**2 - 5*m + 2. Suppose -6 = 42*l - 48*l. What are the prime factors of g(l)?
11, 101
Let t(p) = -22*p - 3. Let u be t(-7). Let b = -23 + -20. Let w = b + u. List the prime factors of w.
2, 3
Let c be 20/(-9) + 4/18. Let u(t) = -1. Let l(i) = -38*i**2 - 3*i - 6. Let k(b) = -l(b) + 6*u(b). List the prime factors of k(c).
2, 73
Let a = -85 - -80.